liuxl@PC-4:~/work/img/android/gpu-lib$ adb shell logcat --------- beginning of main
I/ ( 0): debuggerd: Apr 20 2015 16:45:47
I/installd( 0): installd firing up
I/ ( 0): debuggerd: Apr 20 2015 16:45:47
I/Netd ( 1365): Netd 1.0 starting --------- beginning of system
I/Vold ( 1362): Vold 2.1 (the revenge) firing up
E/Netd ( 1365): Failed to open /proc/sys/net/ipv6/conf/default/accept_ra_rt_table: No such file or directory
E/Netd ( 1365): Failed to open /proc/sys/net/ipv6/conf/lo/accept_ra_rt_table: No such file or directory
E/Netd ( 1365): Failed to open /proc/sys/net/ipv6/conf/default/use_optimistic: No such file or directory
E/Netd ( 1365): Failed to open /proc/sys/net/ipv6/conf/lo/use_optimistic: No such file or directory
I/lowmemorykiller( 1360): Using in-kernel low memory killer interface
I/keystore( 1371): SELinux: Keystore SELinux is disabled.
I/iptables( 1365): iptables v1.4.20: can't initialize iptables table `nat': Table does not exist (do you need to insmod?)
I/iptables( 1365): Perhaps iptables or your kernel needs to be upgraded.
I/iptables( 1365): iptables terminated by exit(3)
E/Netd ( 1365): exec() res=0, status=768 for /system/bin/iptables -t nat -N oem_nat_pre
I/iptables( 1365): iptables v1.4.20: can't initialize iptables table `nat': Table does not exist (do you need to insmod?)
I/iptables( 1365): Perhaps iptables or your kernel needs to be upgraded.
I/iptables( 1365): iptables terminated by exit(3)
E/Netd ( 1365): exec() res=0, status=768 for /system/bin/iptables -t nat -A PREROUTING -j oem_nat_pre
I/iptables( 1365): iptables v1.4.20: can't initialize iptables table `nat': Table does not exist (do you need to insmod?)
I/iptables( 1365): Perhaps iptables or your kernel needs to be upgraded.
I/iptables( 1365): iptables terminated by exit(3)
E/Netd ( 1365): exec() res=0, status=768 for /system/bin/iptables -t nat -N natctrl_nat_POSTROUTING
I/iptables( 1365): iptables v1.4.20: can't initialize iptables table `nat': Table does not exist (do you need to insmod?)
I/iptables( 1365): Perhaps iptables or your kernel needs to be upgraded.
I/iptables( 1365): iptables terminated by exit(3)
E/Netd ( 1365): exec() res=0, status=768 for /system/bin/iptables -t nat -A POSTROUTING -j natctrl_nat_POSTROUTING
V/NatController( 1365): runCmd(/system/bin/iptables -F natctrl_FORWARD) res=0
V/NatController( 1365): runCmd(/system/bin/iptables -A natctrl_FORWARD -j DROP) res=0
V/NatController( 1365): runCmd(/system/bin/iptables -t nat -F natctrl_nat_POSTROUTING) res=3
I/mediaserver( 1369): ServiceManager: 0xf60700c0
I/AudioFlinger( 1369): Using default 3000 mSec as standby time.
I/ServiceManager( 1369): Waiting for service batterystats...
E/Netd ( 1365): Unable to create netlink socket: Protocol not supported
E/Netd ( 1365): Unable to open quota2 logging socket
D/MDnsDS ( 1365): MDnsSdListener::Hander starting up
D/MDnsDS ( 1365): MDnsSdListener starting to monitor
D/MDnsDS ( 1365): Going to poll with pollCount 1
I/SurfaceFlinger( 1363): SurfaceFlinger is starting
I/SurfaceFlinger( 1363): SurfaceFlinger's main thread ready to run. Initializing graphics H/W...
I/ServiceManager( 1369): Waiting for service batterystats...
D/libEGL ( 1363): loaded /system/lib64/egl/libGLES_mali.so
I/MaliBase( 1363): Mali libraries:
I/MaliBase( 1363): Compiled: Dec 15 2014, time: 14:30:53.
I/MaliBase( 1363): Driver revision: 3f62168
W/[Gralloc-Warning]( 1363): int init_frame_buffer_locked(private_module_t*):283 fbdev pixclock is zero for fd: 11
I/[Gralloc]( 1363): using (fd=11)
I/[Gralloc]( 1363): id =
I/[Gralloc]( 1363): xres = 1280 px
I/[Gralloc]( 1363): yres = 720 px
I/[Gralloc]( 1363): xres_virtual = 1280 px
I/[Gralloc]( 1363): yres_virtual = 1440 px
I/[Gralloc]( 1363): bpp = 32
I/[Gralloc]( 1363): r = 0:8
I/[Gralloc]( 1363): g = 8:8
I/[Gralloc]( 1363): b = 16:8
I/[Gralloc]( 1363): width = 203 mm (160.157639 dpi)
I/[Gralloc]( 1363): height = 114 mm (160.421051 dpi)
I/[Gralloc]( 1363): refresh rate = 60.00 Hz
E/SurfaceFlinger( 1363): hwcomposer module not found
I/SurfaceFlinger( 1363): EGL information:
I/SurfaceFlinger( 1363): vendor : Android
I/SurfaceFlinger( 1363): version : 1.4 Android META-EGL
I/SurfaceFlinger( 1363): extensions: EGL_KHR_get_all_proc_addresses EGL_ANDROID_presentation_time EGL_KHR_image EGL_KHR_image_base EGL_KHR_image_pixmap EGL_KHR_gl_texture_2D_image EGL_KHR_gl_texture_cubemap_image EGL_KHR_gl_renderbuffer_image EGL_KHR_fence_sync EGL_KHR_create_context EGL_EXT_create_context_robustness EGL_ANDROID_image_native_buffer EGL_ANDROID_recordable
I/SurfaceFlinger( 1363): Client API: OpenGL_ES
I/SurfaceFlinger( 1363): EGLSurface: 8-8-8-8, config=0x60000016
I/SurfaceFlinger( 1363): OpenGL ES informations:
I/SurfaceFlinger( 1363): vendor : ARM
I/SurfaceFlinger( 1363): renderer : Mali-450 MP
I/SurfaceFlinger( 1363): version : OpenGL ES 2.0
I/SurfaceFlinger( 1363): extensions: GL_EXT_debug_marker GL_OES_texture_npot GL_OES_vertex_array_object GL_OES_compressed_ETC1_RGB8_texture GL_EXT_compressed_ETC1_RGB8_sub_texture GL_OES_standard_derivatives GL_OES_EGL_image GL_OES_depth24 GL_ARM_rgba8 GL_ARM_mali_shader_binary GL_OES_depth_texture GL_OES_packed_depth_stencil GL_EXT_texture_format_BGRA8888 GL_OES_vertex_half_float GL_EXT_blend_minmax GL_OES_EGL_image_external GL_OES_EGL_sync GL_OES_rgb8_rgba8 GL_EXT_multisampled_render_to_texture GL_EXT_discard_framebuffer GL_OES_get_program_binary GL_ARM_mali_program_binary GL_EXT_shader_texture_lod GL_EXT_robustness GL_OES_depth_texture_cube_map GL_KHR_debug GL_ARM_shader_framebuffer_fetch GL_ARM_shader_framebuffer_fetch_depth_stencil GL_OES_mapbuffer
I/SurfaceFlinger( 1363): GL_MAX_TEXTURE_SIZE = 4096
I/SurfaceFlinger( 1363): GL_MAX_VIEWPORT_DIMS = 4096
E/cutils-trace( 1363): Error opening trace file: Permission denied (13)
D/SurfaceFlinger( 1363): Set power mode=2, type=0 flinger=0x7fb7062000
I/ServiceManager( 1369): Waiting for service batterystats...
D/SurfaceFlinger( 1363): shader cache generated - 24 shaders in 441.134186 ms
I/ServiceManager( 1369): Waiting for service batterystats...
I/ServiceManager( 1369): Waiting for service batterystats...
I/CameraService( 1369): CameraService started (pid=1369)
E/CameraService( 1369): Could not load camera HAL module
I/AudioPolicyService( 1369): AudioPolicyService CSTOR in new mode
E/AudioPolicyManager( 1369): could not load audio policy configuration file, setting defaults
I/AudioFlinger( 1369): loadHwModule() Loaded primary audio interface from Default audio HW HAL (audio) handle 1
I/AudioFlinger( 1369): HAL output buffer size 1024 frames, normal sink buffer size 1024 frames
I/AudioMixer( 1369): found effect "Multichannel Downmix To Stereo" from The Android Open Source Project
I/AudioFlinger( 1369): Using module 1 has the primary audio interface
I/AudioFlinger( 1369): AudioFlinger's thread 0xf60a9000 ready to run
W/AudioFlinger( 1369): Thread AudioOut_2 cannot connect to the power manager service
W/AudioFlinger( 1369): Thread AudioOut_2 cannot connect to the power manager service
W/AudioFlinger( 1369): Thread AudioOut_2 cannot connect to the power manager service
E/AudioFlinger( 1369): no wake lock to update!
I/AudioFlinger( 1369): AudioFlinger's thread 0xf60f6000 ready to run
E/SoundTriggerHwService( 1369): couldn't load sound trigger module sound_trigger.primary (No such file or directory)
D/libEGL ( 1707): loaded /system/lib64/egl/libGLES_mali.so
I/MaliBase( 1707): Mali libraries:
I/MaliBase( 1707): Compiled: Dec 15 2014, time: 14:30:53.
I/MaliBase( 1707): Driver revision: 3f62168
E/SurfaceFlinger( 1363): GL error 0x0505
E/cutils-trace( 1707): Error opening trace file: Permission denied (13)
W/GLConsumer( 1363): [BootAnimation] bindTextureImage: clearing GL error: 0x505