01-01 00:04:14.094 3075 3075 V BleTest : setBatteryLevel:50
01-01 00:04:14.094 3075 3075 V BleTest : Not Advertising
01-01 00:04:14.094 3075 3075 D BluetoothManager: getConnectedDevices
01-01 00:04:14.108 3075 3075 V BleTest : Devices Connected: 0
01-01 00:04:14.110 3075 3075 D BluetoothGattServer: registerCallback()
01-01 00:04:14.111 3075 3075 D BluetoothGattServer: registerCallback() - UUID=15fb32e9-01cc-4839-b9d4-4946957cc79b
01-01 00:04:14.113 2217 2841 D BtGatt.GattService: registerServer() - UUID=15fb32e9-01cc-4839-b9d4-4946957cc79b
01-01 00:04:14.114 2217 2558 E bt_btif : register application first_unuse rcb_idx = 0
01-01 00:04:14.115 2217 2457 D BtGatt.GattService: onServerRegistered() - UUID=15fb32e9-01cc-4839-b9d4-4946957cc79b, serverIf=5
01-01 00:04:14.120 3075 3088 D BluetoothGattServer: onServerRegistered() - status=0 serverIf=5
01-01 00:04:14.121 3075 3075 D BluetoothGattServer: addService() - service: 0000180f-0000-1000-8000-00805f9b34fb
01-01 00:04:14.122 2217 2253 D BtGatt.GattService: addService() - uuid=0000180f-0000-1000-8000-00805f9b34fb
01-01 00:04:14.123 2217 2457 E bt_btif : BTA_GATTS_AddService: rcb_idx = 0
01-01 00:04:14.123 2217 2457 E bt_att : =====> handle = [0x0028] uuid = [0x2800] perm=0x01
01-01 00:04:14.123 2217 2457 E bt_att : =====> handle = [0x0029] uuid = [0x2803] perm=0x01
01-01 00:04:14.123 2217 2457 E bt_att : =====> handle = [0x002a] uuid = [0x2a19] perm=0x9001
01-01 00:04:14.123 2217 2457 E bt_att : =====> handle = [0x002b] uuid = [0x2902] perm=0x9011
01-01 00:04:14.123 2217 2457 E bt_att : =====> handle = [0x002c] uuid = [0x2901] perm=0x9011
01-01 00:04:14.123 2217 2457 D BtGatt.GattService: onServiceAdded(), status=0
01-01 00:04:14.125 3075 3087 D BluetoothGattServer: onServiceAdded() - handle=40 uuid=0000180f-0000-1000-8000-00805f9b34fb status=0
01-01 00:04:14.126 3075 3075 D BluetoothAdapter: isLeEnabled(): ON
01-01 00:04:14.145 2217 2497 D BtGatt.GattService: registerAdvertiser() - UUID=c2d71d14-13a0-491d-9416-b12cddfc0b88
01-01 00:04:14.146 2217 2558 I bt_stack: [INFO:btif_ble_advertiser.cc(70)] RegisterAdvertiserCb status: 0 , adveriser_id: 0
01-01 00:04:14.150 2217 2457 D BtGatt.GattService: onAdvertiserRegistered() - UUID=c2d71d14-13a0-491d-9416-b12cddfc0b88, advertiserId=0, status=0
01-01 00:04:14.152 3075 3091 D BluetoothLeAdvertiser: onAdvertiserRegistered() - status=0 advertiserId=0
01-01 00:04:14.154 2217 2558 I bt_stack: [INFO:btm_ble_multi_adv.cc(116)] inst_id = 0
01-01 00:04:14.155 2217 2249 D BtGatt.GattService: startMultiAdvertising() - advertiserId=0
01-01 00:04:14.156 2217 2499 D BtGatt.AdvertiseManager: message : 0
01-01 00:04:14.156 2217 2499 D BtGatt.AdvertiseManager: starting advertising
01-01 00:04:14.163 2217 2457 D BtGatt.GattService: onAdvertiserStarted() - advertiserId=0, status=0
01-01 00:04:14.259 3075 3075 V BleTest : Advertising (Keep Screen On)
01-01 00:04:29.211 2217 2558 I bt_btm_ble: btm_ble_conn_complete unable to match and resolve random address
01-01 00:04:29.214 2217 2558 W bt_smp : smp_br_connect_callback is called on unexpected transport 2
01-01 00:04:29.214 2217 2558 W bt_btif : bta_dm_acl_change info: 0x0
01-01 00:04:29.215 2217 2457 D BtGatt.GattService: onClientConnected() connId=5, address=5D:1F:77:8E:BC:71, connected=true
01-01 00:04:29.217 2217 2457 D bt_btif_dm: remote version info [5d:1f:77:8e:bc:71]: 0, 0, 0
01-01 00:04:29.219 3075 3091 D BluetoothGattServer: onServerConnectionState() - status=0 serverIf=5 device=5D:1F:77:8E:BC:71
01-01 00:04:29.220 3075 3091 D BluetoothManager: getConnectedDevices
01-01 00:04:29.221 2217 2457 E BluetoothRemoteDevices: aclStateChangeCallback: Device is NULL
01-01 00:04:29.233 3075 3075 V BleTest : Devices Connected: 1
01-01 00:04:40.057 2217 2457 D BtGatt.GattService: onResponseSendCompleted() handle=42
01-01 00:04:45.321 2217 2558 W bt_btif : bta_gattc_conn_cback() - cif=3 connected=0 conn_id=3 reason=0x0013
01-01 00:04:45.321 2217 2558 W bt_btif : bta_gattc_conn_cback() - cif=4 connected=0 conn_id=4 reason=0x0013
01-01 00:04:45.322 2217 2558 I bt_btm_sec: btm_sec_disconnected clearing pending flag handle:1025 reason:19
01-01 00:04:45.322 2217 2457 D BtGatt.GattService: onClientConnected() connId=5, address=5D:1F:77:8E:BC:71, connected=false
01-01 00:04:45.324 3075 3087 D BluetoothGattServer: onServerConnectionState() - status=0 serverIf=5 device=5D:1F:77:8E:BC:71
01-01 00:04:45.325 3075 3087 D BluetoothManager: getConnectedDevices
01-01 00:04:45.327 2217 2457 E BluetoothRemoteDevices: aclStateChangeCallback: Device is NULL
01-01 00:04:45.338 3075 3075 V BleTest : Devices Connected: 0